{"id":1455,"date":"2026-03-22T10:04:40","date_gmt":"2026-03-22T03:04:40","guid":{"rendered":"https:\/\/ttbongda22.com\/?post_type=product&#038;p=1455"},"modified":"2026-04-08T13:30:52","modified_gmt":"2026-04-08T06:30:52","slug":"ao-doi-tuyen-brazil","status":"publish","type":"product","link":"https:\/\/ttbongda22.com\/index.php\/san-pham\/ao-doi-tuyen-brazil\/","title":{"rendered":"TTBONGDA22 &#8211; \u00c1o \u0110\u1ed9i Tuy\u1ec3n Brazil"},"content":{"rendered":"<h2><a href=\"https:\/\/ttbongda22.com\/\">TTBONGDA22<\/a> &#8211; \u00c1o \u0110\u1ed9i Tuy\u1ec3n Brazil thi \u0111\u1ea5u trong <a href=\"https:\/\/vi.wikipedia.org\/wiki\/Gi%E1%BA%A3i_v%C3%B4_%C4%91%E1%BB%8Bch_b%C3%B3ng_%C4%91%C3%A1_th%E1%BA%BF_gi%E1%BB%9Bi\" target=\"_blank\" rel=\"noopener\">world cup<\/a> 2026<\/h2>\n<p data-start=\"82\" data-end=\"405\">T\u1ef1 h\u00e0o kho\u00e1c l\u00ean m\u00ecnh m\u00e0u \u00e1o c\u1ee7a <span class=\"hover:entity-accent entity-underline inline cursor-pointer align-baseline\"><span class=\"whitespace-normal\">\u0110\u1ed9i tuy\u1ec3n Brazil<\/span><\/span> &#8211; bi\u1ec3u t\u01b0\u1ee3ng c\u1ee7a l\u1ed1i ch\u01a1i \u0111\u1eb9p m\u1eaft v\u00e0 \u0111\u1eb3ng c\u1ea5p th\u1ebf gi\u1edbi. M\u1eabu \u00e1o thi \u0111\u1ea5u World Cup 2026 t\u1ea1i TTBONGDA22 \u0111\u01b0\u1ee3c thi\u1ebft k\u1ebf chu\u1ea9n form th\u1ec3 thao, ch\u1ea5t li\u1ec7u v\u1ea3i cao c\u1ea5p, tho\u00e1ng kh\u00ed, th\u1ea5m h\u00fat m\u1ed3 h\u00f4i t\u1ed1t, mang l\u1ea1i c\u1ea3m gi\u00e1c tho\u1ea3i m\u00e1i khi v\u1eadn \u0111\u1ed9ng ho\u1eb7c m\u1eb7c h\u1eb1ng ng\u00e0y.<\/p>\n<p data-start=\"407\" data-end=\"585\">S\u1eafc v\u00e0ng truy\u1ec1n th\u1ed1ng k\u1ebft h\u1ee3p h\u1ecda ti\u1ebft hi\u1ec7n \u0111\u1ea1i t\u1ea1o n\u00ean phong c\u00e1ch m\u1ea1nh m\u1ebd, n\u1ed5i b\u1eadt. \u0110\u01b0\u1eddng may t\u1ec9 m\u1ec9, form \u00e1o \u00f4m g\u1ecdn gi\u00fap t\u00f4n d\u00e1ng, ph\u00f9 h\u1ee3p c\u1ea3 khi \u0111\u00e1 b\u00f3ng l\u1eabn ph\u1ed1i \u0111\u1ed3 streetwear.<\/p>\n<ul>\n<li data-start=\"587\" data-end=\"704\">Ph\u00f9 h\u1ee3p: \u0111\u00e1 b\u00f3ng, \u0111i ch\u01a1i, c\u1ed5 v\u0169 b\u00f3ng \u0111\u00e1<\/li>\n<li data-start=\"587\" data-end=\"704\">Ch\u1ea5t li\u1ec7u: co gi\u00e3n 4 chi\u1ec1u, tho\u00e1ng m\u00e1t<\/li>\n<li data-start=\"587\" data-end=\"704\">Form: th\u1ec3 thao, d\u1ec5 m\u1eb7c<\/li>\n<\/ul>\n<p data-start=\"706\" data-end=\"805\" data-is-last-node=\"\" data-is-only-node=\"\">S\u1edf h\u1eefu ngay \u00e1o \u0110\u1ed9i Tuy\u1ec3n Brazil \u0111\u1ec3 th\u1ec3 hi\u1ec7n \u0111am m\u00ea b\u00f3ng \u0111\u00e1 v\u00e0 phong c\u00e1ch ri\u00eang c\u00f9ng <a href=\"https:\/\/ttbongda22.com\/\">TTBONGDA22<\/a> !<\/p>\n","protected":false},"excerpt":{"rendered":"<p>TTBONGDA22 &#8211; \u00c1o \u0110\u1ed9i Tuy\u1ec3n Brazil m\u1eabu \u00e1o thi \u0111\u1ea5u World Cup 2026 t\u1ea1i TTBONGDA22 \u0111\u01b0\u1ee3c thi\u1ebft k\u1ebf chu\u1ea9n form th\u1ec3 thao, ch\u1ea5t li\u1ec7u v\u1ea3i cao c\u1ea5p, tho\u00e1ng kh\u00ed, th\u1ea5m h\u00fat m\u1ed3 h\u00f4i t\u1ed1t, mang l\u1ea1i c\u1ea3m gi\u00e1c tho\u1ea3i m\u00e1i khi v\u1eadn \u0111\u1ed9ng ho\u1eb7c m\u1eb7c h\u1eb1ng ng\u00e0y.<\/p>\n","protected":false},"featured_media":1535,"comment_status":"open","ping_status":"closed","template":"","meta":[],"product_brand":[200],"product_cat":[16],"product_tag":[],"class_list":{"0":"post-1455","1":"product","2":"type-product","3":"status-publish","4":"has-post-thumbnail","6":"product_brand-ttbongda22","7":"product_cat-ao-brand-ttbongda22","9":"first","10":"instock","11":"featured","12":"shipping-taxable","13":"purchasable","14":"product-type-simple"},"_links":{"self":[{"href":"https:\/\/ttbongda22.com\/index.php\/wp-json\/wp\/v2\/product\/1455","targetHints":{"allow":["GET"]}}],"collection":[{"href":"https:\/\/ttbongda22.com\/index.php\/wp-json\/wp\/v2\/product"}],"about":[{"href":"https:\/\/ttbongda22.com\/index.php\/wp-json\/wp\/v2\/types\/product"}],"replies":[{"embeddable":true,"href":"https:\/\/ttbongda22.com\/index.php\/wp-json\/wp\/v2\/comments?post=1455"}],"wp:featuredmedia":[{"embeddable":true,"href":"https:\/\/ttbongda22.com\/index.php\/wp-json\/wp\/v2\/media\/1535"}],"wp:attachment":[{"href":"https:\/\/ttbongda22.com\/index.php\/wp-json\/wp\/v2\/media?parent=1455"}],"wp:term":[{"taxonomy":"product_brand","embeddable":true,"href":"https:\/\/ttbongda22.com\/index.php\/wp-json\/wp\/v2\/product_brand?post=1455"},{"taxonomy":"product_cat","embeddable":true,"href":"https:\/\/ttbongda22.com\/index.php\/wp-json\/wp\/v2\/product_cat?post=1455"},{"taxonomy":"product_tag","embeddable":true,"href":"https:\/\/ttbongda22.com\/index.php\/wp-json\/wp\/v2\/product_tag?post=1455"}],"curies":[{"name":"wp","href":"https:\/\/api.w.org\/{rel}","templated":true}]}}